**2 + 8*c + 11. Let g be y(9). Let w(m) = 7*m - m**3 - 9*m**g - 2 + 0*m + 3*m - 9. What is w(-10)?
-11
Let s(m) = 2*m**2 + 4. Let t(r) = -1. Let y = 9 + -4. Let d(i) = y*t(i) - s(i). Let f(j) be the first derivative of d(j). What is f(-1)?
4
Let n(k) = -11*k + 11. Let w(h) = -2*h - 1. Let c(z) = n(z) - 5*w(z). Let d be c(11). Let o(m) = m**2 - 6*m - 4. What is o(d)?
-9
Let k be (18/(-12))/((-1)/(-12)). Let r be k/3 + (-8 - -10). Let w(z) = -z**2 - 8*z - 11. Calculate w(r).
5
Suppose 76*w + 226*w = -8154. Let x(z) = z**3 + 28*z**2 + 23*z - 103. What is x(w)?
5
Let v be (-1)/(2/(-15))*(-4)/(-6). Suppose v*y + 5*f = -15, -10*f + 7*f + 9 = 0. Let b(i) = i**2 - 7. Give b(y).
29
Let v(h) be the third derivative of 0*h - 64*h**2 + 0 - 1/24*h**4 + 5/2*h**3. Calculate v(9).
6
Suppose l + l = 32. Let q be (-8)/l - (-142)/(-4). Let w be 1/(q/(-20) + -2). Let y(v) = v**2 + 3*v - 7. Give y(w).
3
Let g = 13 + -3. Let i(r) be the second derivative of -r**4/24 + 7*r**3/6 + 59*r**2 + 2*r - 24. Let f(v) be the first derivative of i(v). Calculate f(g).
-3
Suppose 0 = -2*v + 4*f, 3*v = -4*f + 5315 - 5305. Let w(b) = 6*b**2 + 11*b + 1. Let r(m) = 3*m**2 + 6*m + 1. Let k(n) = 5*r(n) - 3*w(n). What is k(v)?
-16
Let o(z) = z - 3. Let f = 141 + -129. Let b be (-42)/(-8) - 3/f. Calculate o(b).
2
Let f(j) be the first derivative of 5*j**3 + 0*j**4 - 1/120*j**5 - 8 - 1/60*j**6 + 0*j**2 + 0*j. Let b(o) be the third derivative of f(o). Determine b(1).
-7
Let t(f) = f**2 - 31*f + 107. Let x(i) = 51*i + 4719. Let m be x(-92). Determine t(m).
-1
Let k(y) = y**2 + 3*y + 1. Let c be ((-66)/(-9))/(-11)*-12. Calculate k(c).
89
Let r(p) be the second derivative of p**8/6720 - p**7/360 - p**6/72 + p**5/10 - 37*p**4/3 - 153*p. Let v(i) be the third derivative of r(i). Determine v(8).
-4
Suppose 0*n - 2*y = -n + 2, 2*y + 22 = -4*n. Let l(d) = 21*d**3 - 2*d**2 + 5*d - 15*d**3 - d**3 - 6*d**3. What is l(n)?
12
Suppose 17*c - 13*c = -t + 12, c - 4*t = -14. Let h = -25 - -25. Let w(z) = -5 + h - 4 + 12 - 7*z. Determine w(c).
-11
Let p(h) be the second derivative of -h**4/12 - 10*h**3/3 - 23*h**2/2 + 3680*h. Calculate p(-19).
-4
Let o(w) = -9*w**3 - 7*w**2 + 91*w - 6. Let i(a) = 10*a**3 + 8*a**2 - 106*a + 6. Let b(l) = 6*i(l) + 7*o(l). What is b(0)?
-6
Let a(c) = 2*c**3 - 41*c**2 + 20*c. Suppose 1038 = -106*q + 281*q - 2462. Determine a(q).
0
Let i(q) = q + 3*q**2 + 0*q**3 + 4*q - q**3. Let x = -3 + 5. Let h(b) = 4*b**3 - 9*b**2 - 16*b + 1. Let n(v) = x*h(v) + 7*i(v). Calculate n(-3).
-7
Let c(o) = -47*o**3 - 35*o**2 - 24*o + 23. Let m(a) = 21*a**3 + 17*a**2 + 12*a - 10. Let f(g) = -4*c(g) - 9*m(g). Determine f(-12).
-2
Let n = -72 + 116. Let h be -2 + (-2)/(-5) + n/(-10). Let f be 19/(-3) + -1 + (-8)/h. Let r(a) = 2*a + 7. Give r(f).
-5
Let z = 1159 + -1156. Let d(q) = -q**3 + 2*q**2 + 4*q - 5. Give d(z).
-2
Let z(r) = 19*r - 4. Suppose -132*t + 147*t + 15 = 0. Calculate z(t).
-23
Let h(l) be the third derivative of l**5/120 - 5*l**4/24 - 77*l**3/6 - 4*l**2 - 7*l. Let s(u) be the first derivative of h(u). Give s(3).
-2
Let d(l) = -3*l**2 + 6*l + 51. Let w be d(-3). Let j(m) = -m**3 + 3*m**2 + 8*m + 12. What is j(w)?
-48
Let a(m) = 2 - 11*m**2 - 661*m + 662*m + 30*m**2. What is a(2)?
80
Let r(a) = 2*a + 11. Let u = -218 + 98. Let x = u + 29. Let l = -100 - x. Determine r(l).
-7
Suppose -y + 28 = 6*y. Suppose y*j + 2*v - v = -20, 2*j = 3*v - 24. Let k(i) = -i**3 + 2*i**3 - 2*i - 7 + 5*i**2 - 7*i. What is k(j)?
11
Suppose -29*q + 2*g + 151 = -28*q, -2*g - 433 = -3*q. Let r(c) = -72*c - 11 - 68*c + q*c. Calculate r(6).
-5
Let k(c) = c**3 + 2*c**2 - c + 74. Let f be k(-5). Let p(m) = -3*m. Let z(i) = -4*i. Let b(s) = 5*p(s) - 4*z(s). Give b(f).
4
Suppose 0 = 131*r - 125*r - 24. Let o(h) = h + 21. What is o(r)?
25
Suppose -174*s = -474 - 570. Let x(p) be the first derivative of -p**2/2 + 8*p - 4. Calculate x(s).
2
Let v(b) be the second derivative of b**4/12 - 4*b**3 + 12*b**2 + 23*b + 112. Calculate v(23).
1
Let y(p) = -8*p - 69. Let h be y(-8). Let f = 3 - 2. Let g(n) = 5*n + 0*n**2 - 2 + n**2 - f. What is g(h)?
-3
Let n be 4/(-10) + 12/5. Suppose -4*s - 4*m + n = -10, 3*m = -2*s + 5. Suppose 7*f - 3*f = 4*i, i + 15 = -s*f. Let j(t) = t**3 + 3*t**2 + 2. Calculate j(f).
2
Let t(d) = 10*d**2 - 12*d**2 - 233 - 257 + 454 - 16*d. Calculate t(-4).
-4
Let b(d) be the first derivative of d**2 - 24*d - 43. Give b(0).
-24
Let c(s) = -s**2 + 2*s + 8. Let l = 92 + -88. Let o be c(l). Let n(b) = -b**2 - b - 15. Give n(o).
-15
Let n(u) be the third derivative of u**5/20 + 25*u**4/12 + 19*u**3/3 + 26*u**2 + 31*u. What is n(-16)?
6
Let c = -2959 + 2956. Let j(u) = -u**2 + 13*u + 57. What is j(c)?
9
Let n(a) = -5*a**2 + 83*a - 164*a + 80*a + 34*a**2. Give n(-1).
30
Let k(q) = q**3 + 12*q**2 - 17*q + 9. Suppose -3*y = -0*y + g + 40, -5*y - 67 = 2*g. Calculate k(y).
61
Let f = 304 - 301. Suppose 0 = -2*v - 4, z + v = -f*v - 18. Let l(k) = -k**3 - 10*k**2 - 2*k - 10. Calculate l(z).
10
Suppose -1060 = 176*o + 351 + 1933. Let p(g) = -3*g - 108. Calculate p(o).
-51
Let p(y) = -21*y**2. Let i(k) = 2*k**2 - 3*k - 21. Let v be i(4). Calculate p(v).
-21
Let m = -150 - -161. Let l(u) = -5*u**3 - 35*u**2 + 34*u - 21. Let r(q) = -q**3 - 7*q**2 + 7*q - 4. Let a(k) = m*r(k) - 2*l(k). What is a(-8)?
-10
Let z = -7147/2 + 3575. Let p(r) be the first derivative of -z*r**2 + r - 12. What is p(-2)?
7
Suppose -6*b + b = -4925. Let z be b/(-65) + (-6)/(-39). Let n = 14 + z. Let y(r) = -r**2 + r + 1. Calculate y(n).
-1
Let s(v) = 455*v - 13216. Let a be s(29). Let r(l) = -l - 4. What is r(a)?
17
Suppose -5*x + 28 = 5*v - 27, 0 = 4*v - 4*x - 4. Let y(q) = 10*q**2 + 8*q - 8. Let n(g) = 2*g**2. Let m(l) = v*n(l) - y(l). Determine m(6).
32
Let b(p) be the second derivative of p**5/20 + 11*p**4/12 + 16*p**3/3 + 6*p**2 - 941*p. What is b(-7)?
-16
Let d(a) = -1583*a + 20. Let t(w) = 1357*w - 16. Let g(y) = -6*d(y) - 7*t(y). Let c(h) = h - 7. Let n be c(7). Determine g(n).
-8
Let b(c) = -10*c - 5. Let m be b(-1). Let t(r) be the second derivative of -8*r - 5/2*r**2 + 7/6*r**3 - 1/12*r**4 + 0. Calculate t(m).
5
Let b(q) = -7*q + 6 + q + 9*q + 0*q. Suppose -80 = o - 6*o. Suppose 2*p = -2*p - o. Give b(p).
-6
Let v(q) = 45*q + 7. Let d = -19966 + 19964. Calculate v(d).
-83
Let y(h) = h**3 - 19*h**2 + 49*h - 13. Let b be y(16). Let i(w) be the first derivative of -w**3/3 + 5*w**2/2 + 3*w + 29. Determine i(b).
9
Let a(n) = -n**2 + 10*n - 1. Let p(z) = 19*z**2 - 43*z + 71. Let s(m) = 13*m**2 - 29*m + 48. Let c(t) = 5*p(t) - 7*s(t). Let q be c(2). What is a(q)?
-12
Let g = 7 - 5. Let x(p) = 1 - 3 + 2*p**3 + 2*p - 55*p**g + 52*p**2. Suppose 2*m = 5 - 1. Give x(m).
6
Let v(o) = o**3 - o**2 + o + 1. Let l(s) = -6*s - 9. Let q(g) = -l(g) + v(g). Calculate q(-3).
-47
Let d(t) = 5*t - 1. Suppose 3*v + 9*z - 8*z - 11 = 0, 2*v - 26 = 4*z. Suppose 4*u = -9*o + 5*o - 8, 3*u + v*o = 0. Determine d(u).
-26
Let k(m) = 3709*m**2 - 1242*m**2 - 2*m - 1233*m**2 + 18 - 1235*m**2. Give k(0).
18
Suppose -2*a + 5*i + 16 = -5, -5*a + 2*i = -21. Let t(c) = -114 + 113 + 2*c**2 - a*c**3 + 4*c**3. Give t(-3).
-10
Suppose 3*f = -4*u - 129 - 181, -4*f = -5*u + 403. Let j = f + 108. Suppose -2*t = j*t. Let w(r) = r**3 - 1. What is w(t)?
-1
Let c be (-1)/((-50)/15 + 3). Suppose c*s + 27 - 30 = 0. Let u be s*((0 - -5) + -6). Let l(g) = 8*g**3 + g**2 + g. Calculate l(u).
-8
Let a(p) be the second derivative of 3*p + 1/2*p**3 + 0 + 1/12*p**4 - 13*p**2. Let s(b) be the first derivative of a(b). What is s(-3)?
-3
Let i(t) = 140*t - 38*t - 40*t - 36*t + 55 - 32*t. Determine i(-23).
193
Let l(r) be the second derivative of r**3 - 2*r**2 + 38*r. Suppose 0 = -5*a - 0 - 5. Let p be a/((-3)/9*1). Give l(p).
14
Let d(g) be the third derivative of 0 + 1/120*g**6 + 1/10*g**5 + 5/24*g**4 - 100*g**2 + 0*g + 1/6*g**3. Determine d(-6).
-29
Let o(b) be the second derivative of 1/2*b**3 - 4 - 1/12*b**4 - 3*b + 0*b**2. Determine o(5).
-10
Suppose 43*g = 39*g + 520. Let f(r) = g + r - 258 + 133. Suppose -5*d = m + 1 + 3, 0 = 4*m + 16. Determine f(d).
5
Let k(x) = 30*x**3 - 2*x**2 - x - 5. Let u be (-1 - 1)*(-1)/(-2). Let q(z) = z**3 - z**2 - 2. Let f(y) = u*k(y) + 3*q(y). What is f(1)?
-28
Suppose -10 - 5 = -5*j. Let u(l) = l**j + 9 - 10*l**2 + 1159*l + 3 - 1160*l. Give u(10).
2
Let s(g) = 